{"id":541,"date":"2024-12-27T04:38:31","date_gmt":"2024-12-27T03:38:31","guid":{"rendered":"https:\/\/frym.cl\/?page_id=541"},"modified":"2024-12-27T06:29:38","modified_gmt":"2024-12-27T05:29:38","slug":"somos","status":"publish","type":"page","link":"https:\/\/frym.cl\/?page_id=541","title":{"rendered":"Somos"},"content":{"rendered":"\t\t<div data-elementor-type=\"wp-page\" data-elementor-id=\"541\" class=\"elementor elementor-541\" data-elementor-post-type=\"page\">\n\t\t\t\t\t\t<section class=\"elementor-section elementor-top-section elementor-element elementor-element-42715d45 elementor-section-full_width elementor-section-height-default elementor-section-height-default\" data-id=\"42715d45\" data-element_type=\"section\" id=\"mas\">\n\t\t\t\t\t\t<div class=\"elementor-container elementor-column-gap-default\">\n\t\t\t\t\t<div class=\"elementor-column elementor-col-100 elementor-top-column elementor-element elementor-element-35b63b38\" data-id=\"35b63b38\" data-element_type=\"column\">\n\t\t\t<div class=\"elementor-widget-wrap elementor-element-populated\">\n\t\t\t\t\t\t<div class=\"elementor-element elementor-element-eee5bc2 elementor--h-position-center elementor--v-position-middle elementor-widget elementor-widget-slides\" data-id=\"eee5bc2\" data-element_type=\"widget\" data-settings=\"{&quot;navigation&quot;:&quot;none&quot;,&quot;autoplay&quot;:&quot;yes&quot;,&quot;pause_on_hover&quot;:&quot;yes&quot;,&quot;pause_on_interaction&quot;:&quot;yes&quot;,&quot;autoplay_speed&quot;:5000,&quot;infinite&quot;:&quot;yes&quot;,&quot;transition&quot;:&quot;slide&quot;,&quot;transition_speed&quot;:500}\" data-widget_type=\"slides.default\">\n\t\t\t\t<div class=\"elementor-widget-container\">\n\t\t\t\t\t\t\t<div class=\"elementor-swiper\">\n\t\t\t<div class=\"elementor-slides-wrapper elementor-main-swiper swiper\" dir=\"ltr\" data-animation=\"fadeInUp\">\n\t\t\t\t<div class=\"swiper-wrapper elementor-slides\">\n\t\t\t\t\t\t\t\t\t\t<div class=\"elementor-repeater-item-0e83e2c swiper-slide\"><div class=\"swiper-slide-bg\" role=\"img\"><\/div><div class=\"swiper-slide-inner\" ><div class=\"swiper-slide-contents\"><div class=\"elementor-slide-heading\">Conocenos <\/div><div class=\"elementor-slide-description\">FRYM La combinaci\u00f3n perfecta entre lo original y lo delicioso<\/div><\/div><\/div><\/div>\t\t\t\t<\/div>\n\t\t\t\t\t\t\t<\/div>\n\t\t<\/div>\n\t\t\t\t\t\t<\/div>\n\t\t\t\t<\/div>\n\t\t\t\t\t<\/div>\n\t\t<\/div>\n\t\t\t\t\t<\/div>\n\t\t<\/section>\n\t\t\t\t<section class=\"elementor-section elementor-top-section elementor-element elementor-element-1ef5ed0 elementor-section-boxed elementor-section-height-default elementor-section-height-default\" data-id=\"1ef5ed0\" data-element_type=\"section\">\n\t\t\t\t\t\t<div class=\"elementor-container elementor-column-gap-default\">\n\t\t\t\t\t<div class=\"elementor-column elementor-col-100 elementor-top-column elementor-element elementor-element-448a7fe\" data-id=\"448a7fe\" data-element_type=\"column\">\n\t\t\t<div class=\"elementor-widget-wrap elementor-element-populated\">\n\t\t\t\t\t\t<div class=\"elementor-element elementor-element-3289cd0 elementor-widget elementor-widget-spacer\" data-id=\"3289cd0\" data-element_type=\"widget\" data-widget_type=\"spacer.default\">\n\t\t\t\t<div class=\"elementor-widget-container\">\n\t\t\t\t\t\t\t<div class=\"elementor-spacer\">\n\t\t\t<div class=\"elementor-spacer-inner\"><\/div>\n\t\t<\/div>\n\t\t\t\t\t\t<\/div>\n\t\t\t\t<\/div>\n\t\t\t\t\t<\/div>\n\t\t<\/div>\n\t\t\t\t\t<\/div>\n\t\t<\/section>\n\t\t\t\t<section class=\"elementor-section elementor-top-section elementor-element elementor-element-1e7de9a9 elementor-reverse-mobile elementor-section-boxed elementor-section-height-default elementor-section-height-default\" data-id=\"1e7de9a9\" data-element_type=\"section\">\n\t\t\t\t\t\t<div class=\"elementor-container elementor-column-gap-default\">\n\t\t\t\t\t<div class=\"elementor-column elementor-col-50 elementor-top-column elementor-element elementor-element-554fcd23 elementor-invisible\" data-id=\"554fcd23\" data-element_type=\"column\" data-settings=\"{&quot;background_background&quot;:&quot;classic&quot;,&quot;animation&quot;:&quot;bounceInLeft&quot;}\">\n\t\t\t<div class=\"elementor-widget-wrap elementor-element-populated\">\n\t\t\t\t\t\t<div class=\"elementor-element elementor-element-0bf1172 elementor-invisible elementor-widget elementor-widget-image\" data-id=\"0bf1172\" data-element_type=\"widget\" data-settings=\"{&quot;_animation&quot;:&quot;bounceInUp&quot;}\" data-widget_type=\"image.default\">\n\t\t\t\t<div class=\"elementor-widget-container\">\n\t\t\t\t\t\t\t\t\t\t\t\t\t\t\t<img fetchpriority=\"high\" decoding=\"async\" width=\"768\" height=\"1305\" src=\"https:\/\/frym.cl\/wp-content\/uploads\/2024\/11\/4-768x1305.webp\" class=\"attachment-medium_large size-medium_large wp-image-126\" alt=\"\" srcset=\"https:\/\/frym.cl\/wp-content\/uploads\/2024\/11\/4-768x1305.webp 768w, https:\/\/frym.cl\/wp-content\/uploads\/2024\/11\/4-177x300.webp 177w, https:\/\/frym.cl\/wp-content\/uploads\/2024\/11\/4-603x1024.webp 603w, https:\/\/frym.cl\/wp-content\/uploads\/2024\/11\/4-904x1536.webp 904w, https:\/\/frym.cl\/wp-content\/uploads\/2024\/11\/4.webp 1077w\" sizes=\"(max-width: 768px) 100vw, 768px\" \/>\t\t\t\t\t\t\t\t\t\t\t\t\t\t\t<\/div>\n\t\t\t\t<\/div>\n\t\t\t\t\t<\/div>\n\t\t<\/div>\n\t\t\t\t<div class=\"elementor-column elementor-col-50 elementor-top-column elementor-element elementor-element-6db03bd9\" data-id=\"6db03bd9\" data-element_type=\"column\" data-settings=\"{&quot;background_background&quot;:&quot;classic&quot;}\">\n\t\t\t<div class=\"elementor-widget-wrap elementor-element-populated\">\n\t\t\t\t\t\t<div class=\"elementor-element elementor-element-4301e914 elementor-invisible elementor-widget elementor-widget-heading\" data-id=\"4301e914\" data-element_type=\"widget\" data-settings=\"{&quot;_animation&quot;:&quot;bounceInRight&quot;}\" data-widget_type=\"heading.default\">\n\t\t\t\t<div class=\"elementor-widget-container\">\n\t\t\t\t\t<h2 class=\"elementor-heading-title elementor-size-default\">Qui\u00e9nes Somos<\/h2>\t\t\t\t<\/div>\n\t\t\t\t<\/div>\n\t\t\t\t<div class=\"elementor-element elementor-element-3efe7254 elementor-invisible elementor-widget elementor-widget-text-editor\" data-id=\"3efe7254\" data-element_type=\"widget\" data-settings=\"{&quot;_animation&quot;:&quot;bounceInRight&quot;}\" data-widget_type=\"text-editor.default\">\n\t\t\t\t<div class=\"elementor-widget-container\">\n\t\t\t\t\t\t\t\t\t<p>En FRYM Servicios, somos una empresa familiar apasionada por transformar tus momentos especiales en experiencias inolvidables. Con ra\u00edces firmes en valores como la calidad, la dedicaci\u00f3n y el amor por lo que hacemos, ofrecemos una propuesta \u00fanica que combina el sabor de nuestras pizzas en cono con la sofisticaci\u00f3n de nuestros servicios de cocteler\u00eda personalizada.<\/p><p>Nuestro camino comenz\u00f3 con el sue\u00f1o de crear algo diferente, algo que reuniera a las personas alrededor de sabores innovadores y momentos memorables. Desde entonces, hemos trabajado juntos como familia para construir una marca que represente creatividad, autenticidad y excelencia.<\/p><p>Cada evento que atendemos es una oportunidad para compartir nuestra pasi\u00f3n y asegurarnos de que cada detalle est\u00e9 a la altura de tus expectativas. Porque en FRYM, m\u00e1s que ofrecer un servicio, construimos recuerdos que duran para siempre.<\/p>\t\t\t\t\t\t\t\t<\/div>\n\t\t\t\t<\/div>\n\t\t\t\t<div class=\"elementor-element elementor-element-f468116 elementor-invisible elementor-widget elementor-widget-text-editor\" data-id=\"f468116\" data-element_type=\"widget\" data-settings=\"{&quot;_animation&quot;:&quot;bounceInRight&quot;}\" data-widget_type=\"text-editor.default\">\n\t\t\t\t<div class=\"elementor-widget-container\">\n\t\t\t\t\t\t\t\t\t<p>Cada evento que atendemos es una oportunidad para compartir nuestra pasi\u00f3n y asegurarnos de que cada detalle est\u00e9 a la altura de tus expectativas. Porque en FRYM, m\u00e1s que ofrecer un servicio, construimos recuerdos que duran para siempre.<\/p>\t\t\t\t\t\t\t\t<\/div>\n\t\t\t\t<\/div>\n\t\t\t\t\t<\/div>\n\t\t<\/div>\n\t\t\t\t\t<\/div>\n\t\t<\/section>\n\t\t\t\t<section class=\"elementor-section elementor-top-section elementor-element elementor-element-7bfdb53d elementor-section-boxed elementor-section-height-default elementor-section-height-default\" data-id=\"7bfdb53d\" data-element_type=\"section\" id=\"especialidades\">\n\t\t\t\t\t\t<div class=\"elementor-container elementor-column-gap-default\">\n\t\t\t\t\t<div class=\"elementor-column elementor-col-100 elementor-top-column elementor-element elementor-element-2c7046ab\" data-id=\"2c7046ab\" data-element_type=\"column\">\n\t\t\t<div class=\"elementor-widget-wrap elementor-element-populated\">\n\t\t\t\t\t\t<div class=\"elementor-element elementor-element-b2a98ca elementor-widget elementor-widget-spacer\" data-id=\"b2a98ca\" data-element_type=\"widget\" data-widget_type=\"spacer.default\">\n\t\t\t\t<div class=\"elementor-widget-container\">\n\t\t\t\t\t\t\t<div class=\"elementor-spacer\">\n\t\t\t<div class=\"elementor-spacer-inner\"><\/div>\n\t\t<\/div>\n\t\t\t\t\t\t<\/div>\n\t\t\t\t<\/div>\n\t\t\t\t\t<\/div>\n\t\t<\/div>\n\t\t\t\t\t<\/div>\n\t\t<\/section>\n\t\t\t\t<section class=\"elementor-section elementor-top-section elementor-element elementor-element-235ae6bc elementor-section-boxed elementor-section-height-default elementor-section-height-default\" data-id=\"235ae6bc\" data-element_type=\"section\" id=\"equipo\">\n\t\t\t\t\t\t<div class=\"elementor-container elementor-column-gap-default\">\n\t\t\t\t\t<div class=\"elementor-column elementor-col-100 elementor-top-column elementor-element elementor-element-74fa8212\" data-id=\"74fa8212\" data-element_type=\"column\">\n\t\t\t<div class=\"elementor-widget-wrap\">\n\t\t\t\t\t\t\t<\/div>\n\t\t<\/div>\n\t\t\t\t\t<\/div>\n\t\t<\/section>\n\t\t\t\t<\/div>\n\t\t","protected":false},"excerpt":{"rendered":"<p>Conocenos FRYM La combinaci\u00f3n perfecta entre lo original y lo delicioso Qui\u00e9nes Somos En FRYM Servicios, somos una empresa familiar apasionada por transformar tus momentos especiales en experiencias inolvidables. Con ra\u00edces firmes en valores como la calidad, la dedicaci\u00f3n y el amor por lo que hacemos, ofrecemos una propuesta \u00fanica que combina el sabor de [&hellip;]<\/p>\n","protected":false},"author":1,"featured_media":0,"parent":0,"menu_order":0,"comment_status":"closed","ping_status":"closed","template":"elementor_header_footer","meta":{"footnotes":""},"class_list":["post-541","page","type-page","status-publish","hentry"],"_links":{"self":[{"href":"https:\/\/frym.cl\/index.php?rest_route=\/wp\/v2\/pages\/541","targetHints":{"allow":["GET"]}}],"collection":[{"href":"https:\/\/frym.cl\/index.php?rest_route=\/wp\/v2\/pages"}],"about":[{"href":"https:\/\/frym.cl\/index.php?rest_route=\/wp\/v2\/types\/page"}],"author":[{"embeddable":true,"href":"https:\/\/frym.cl\/index.php?rest_route=\/wp\/v2\/users\/1"}],"replies":[{"embeddable":true,"href":"https:\/\/frym.cl\/index.php?rest_route=%2Fwp%2Fv2%2Fcomments&post=541"}],"version-history":[{"count":43,"href":"https:\/\/frym.cl\/index.php?rest_route=\/wp\/v2\/pages\/541\/revisions"}],"predecessor-version":[{"id":594,"href":"https:\/\/frym.cl\/index.php?rest_route=\/wp\/v2\/pages\/541\/revisions\/594"}],"wp:attachment":[{"href":"https:\/\/frym.cl\/index.php?rest_route=%2Fwp%2Fv2%2Fmedia&parent=541"}],"curies":[{"name":"wp","href":"https:\/\/api.w.org\/{rel}","templated":true}]}}